5 = -i. Calculate the highest common divisor of i and 232.
29
Suppose 117*f + 34*f = 59343. Calculate the highest common factor of 1048 and f.
131
Suppose 0 = -93*w + 36*w + 6327. Let t = -100 + w. Calculate the greatest common divisor of 352 and t.
11
Let h(b) = b**3 - 6*b**2 - 15*b. Let n be h(8). Let a(r) = -r**3 - 19*r**2 - 10*r - 62. Let s be a(-19). What is the greatest common factor of s and n?
8
Let q = -36193 + 36218. Calculate the highest common divisor of 14175 and q.
25
Let v(l) = -2*l**3 - 2*l**2 - 58*l - 251. Let m be v(-4). What is the highest common divisor of 35 and m?
7
Let g be (3/6)/(-24 + (-10580)/(-440)). What is the highest common divisor of 137 and g?
1
Let z(b) = 4*b**2 - 111*b + 148. Let h be z(30). What is the greatest common factor of 374 and h?
22
Let b be (-2 - 15624/(-270)) + 6/45. Suppose -8 = -r + 4*d, 0 = -4*r - 5*d - 40 + 156. Calculate the highest common divisor of r and b.
8
Suppose -22*s = -1848 + 506. Suppose 3*r = -57*h + s*h - 323, 4 = -4*r. What is the highest common divisor of 140 and h?
20
Suppose 10*q + 289 - 339 = 0. Let j be 162/q - 9/(-15). Calculate the highest common factor of j and 352.
11
Let w = -103 + 106. Suppose 13*p - 120 = 8*p - 3*u, -4*u + 61 = w*p. What is the highest common divisor of p and 459?
27
Let n = 3010 + -3007. Let x(b) = 2*b**2 + 4*b + 2. Let v be x(-2). Suppose -p - 5 = -w, p = 2*w + 5*p + v. What is the highest common factor of w and n?
3
Let m(l) be the second derivative of -l**5/20 - 5*l**4/4 + 65*l**3/6 - 5*l**2 + 3*l - 13. Let q be m(-20). Calculate the highest common divisor of 10 and q.
10
Suppose 6*i - 5*i = 23. Let l = 20894 - 20641. Calculate the greatest common divisor of l and i.
23
Let t = 4054 - 4024. What is the greatest common factor of t and 8070?
30
Let n = -1057 + 1127. Let x(m) = m**3 + 12*m**2 - 5*m + 10. Let p be x(-12). What is the greatest common divisor of p and n?
70
Suppose -3*x + 8 = x. Let p(w) be the first derivative of 11*w**4/4 + w**3/3 - 2*w + 113. Let u be p(x). Calculate the greatest common divisor of 36 and u.
18
Suppose -12*m - 3520 = -880. Let x = 221 + m. What is the highest common factor of x and 22?
1
Let z(q) = -13*q**3 + 181*q**2 + 17*q - 32. Let t be z(14). Calculate the highest common factor of t and 390.
10
Let h(o) be the third derivative of o**4/24 + 5*o**3/2 - 44*o**2. Let s be h(2). Calculate the greatest common divisor of s and 68.
17
Suppose -4*m - 5*n + 15281 = 0, 0 = 153*m - 149*m - 3*n - 15305. What is the greatest common factor of m and 48?
16
Let j(p) = -10*p + 4. Let l be j(-3). Let h be 171 + ((-4)/((-20)/10))/(-1*2). Calculate the greatest common divisor of l and h.
34
Suppose 2102 + 7978 = 96*u. What is the greatest common divisor of u and 24?
3
Suppose -3*a + 2*x = -207, -271 = 2*a - 6*a + x. Suppose b + a*s = 70*s + 79, -125 = -2*b - 5*s. Calculate the greatest common divisor of b and 350.
70
Suppose -961520 = -348*s - 460*s. Suppose -5*n = -3*n - 34. Calculate the highest common factor of n and s.
17
Let p = -24 + -19. Let q = 45 + p. Calculate the greatest common factor of 6 and q.
2
Let k = 8839 - 8776. Calculate the greatest common divisor of 4011 and k.
21
Suppose -4*z + 297 = p, 0*p + 229 = 3*z + 2*p. Let l = z + -16. Suppose -l*k = -59*k + 22. What is the highest common factor of k and 99?
11
Let l = -2004 + 2193. Calculate the highest common divisor of l and 2016.
63
Let g(w) = -2*w**2 + 20*w + 2. Let r be g(9). Suppose 11*i = 9*i - r. Let p(j) = -5*j - 32. Let y be p(i). What is the highest common divisor of y and 36?
18
Let z be (27/63)/((-3)/(-8452)) - (-63)/(-147). What is the highest common factor of 568 and z?
71
Let g = 154 + -159. Let f be (-20)/g + 160 - -6. Calculate the highest common factor of f and 34.
34
Let l = -64 - -67. Suppose -l*g = 54 - 63. Let u be g/(-24)*2 - (-177)/4. What is the greatest common divisor of u and 154?
22
Let q = -753 + 807. Calculate the highest common factor of 4266 and q.
54
Let z = 54821 + -54693. Let c(j) = -j + 2. Let l be c(-5). Suppose -4*w = -l*w + 48. What is the greatest common factor of z and w?
16
Suppose 863*d - 292 + 6 = 841*d. What is the greatest common divisor of d and 1261?
13
Suppose 23*r - 270 - 650 = 0. Let x(i) = -2*i + 11. Let h be x(-7). What is the greatest common factor of h and r?
5
Let g = 17023 + -17013. Calculate the greatest common divisor of 1445 and g.
5
Let g be 2*(-3)/2 + 1. Let a = 4 - g. Suppose -7*s + 100 = -194. What is the highest common factor of a and s?
6
Let f(p) = -6*p + 60. Let z be f(-10). What is the greatest common divisor of z and 820?
20
Suppose -j + 2*b = -79 - 1, -88 = -j + 4*b. Let g(s) = -2*s**3 + 9*s**2 - 2*s + 24. Let y be g(-6). Calculate the highest common divisor of j and y.
72
Suppose 2*g - 6 = 0, 2*g + 252 = 5*t - 3*t. Suppose t = -8*p + 161. Calculate the highest common divisor of p and 68.
4
Let i(y) = y**2 + 27*y + 76. Let c be i(-24). Suppose 0 = -w - 4*o + 29, 2*o + 57 = c*w + w. What is the highest common divisor of w and 65?
13
Let m(u) = -23*u + 695. Let i be m(25). What is the greatest common divisor of i and 6930?
30
Suppose 23*g - 27*g - 396 = 0. Let a be 2/(-9) - 4972/g. What is the highest common divisor of 150 and a?
50
Suppose 44*g - 43*g - 5 = 0. Let d be (324/60)/(g/50). Calculate the greatest common divisor of d and 1242.
54
Suppose 289062 = -126*g + 429*g. What is the greatest common factor of 144 and g?
18
Let u be (-1558)/(-13) + 4/26. Let b = u + 474. What is the highest common divisor of 54 and b?
54
Let g = -12923 - -13560. Calculate the highest common divisor of g and 98.
49
Suppose 30*u = 16989 + 26555 - 6104. What is the greatest common factor of 728 and u?
104
Let i be (-5 - (-110)/30)*-1*(-18)/(-3). What is the highest common divisor of i and 5656?
8
Suppose -45*d + 819 - 219 = -210. Calculate the highest common divisor of d and 891.
9
Let k(p) = -p**2 + 6*p + 30. Let x be k(9). Suppose 0 = 2*c - 6, n + x*c + 5 = 15. What is the greatest common divisor of n and 4?
1
Suppose 29 - 84 = -p. Let w(b) = b**3 - 4*b**2 + 4*b + 17. Let d be w(4). Calculate the highest common factor of d and p.
11
Let s(i) = 828*i - 6452. Let g be s(25). What is the highest common divisor of g and 411?
137
Let s(j) = j + 14. Let q be s(-8). Let g(r) = -4*r**2 - 3*r + 5. Let z be g(3). Let n = z - -42. What is the highest common factor of n and q?
2
Let w(c) = -c**3 - c**2 - 3*c + 48. Let v be w(0). What is the highest common divisor of v and 42?
6
Let c(s) = s**3 - 10*s**2 - 25*s + 316. Let j be c(9). Calculate the greatest common divisor of 110 and j.
10
Let t(w) = -4*w - 7. Let n be t(-3). Suppose 0*b - n*x = -b - 5, 4*b = 2*x - 2. Suppose b*p = -9*p + 324. Calculate the greatest common divisor of 12 and p.
12
Let z be (-6)/20 - 5642/(-140). Calculate the highest common divisor of z and 4180.
20
Suppose l + 44 = 3*n, -3*l - 5 = -8*l. Let w be (42 - 54)*(4/(-26) - (-285)/(-260)). Calculate the highest common factor of w and n.
15
Suppose -3*f + 3*h = -3174, 2*f - 4525*h - 2091 = -4528*h. What is the greatest common divisor of f and 533?
13
Let u be -58*(-7 - 216/(-30))*-5. What is the highest common divisor of u and 2204?
58
Let v(j) = 2*j + 2. Let p be v(3). Suppose 0 = -3*t - 4*w - 5, 3 = 29*t - 34*t - 4*w. Calculate the highest common factor of t and p.
1
Let r(f) = f**2 - 11*f + 49. Let g be r(16). Suppose 23*o + 21 = 30*o. Calculate the highest common divisor of o and g.
3
Let g = 71 + -29. Suppose 3*k - 2*u - 427 = 87, u = 5*k - 845. Calculate the highest common factor of k and g.
42
Let b = -32074 + 32077. What is the greatest common divisor of b and 3669?
3
Let z(j) = 4*j**2 + 17*j + 63. Let w(f) = -f**2 + f - 1. Let s(q) = -5*w(q) - z(q). Let c be s(-6). Calculate the greatest common factor of 385 and c.
55
Let w(v) = -v**3 + 11*v**2 - 2*v - 1. Let m be w(8). Let a(h) = -h**3 - 9*h**2 + 6*h + 10. Let k be a(-10). What is the highest common divisor of m and k?
25
Suppose -2*v = -8*v + 858. Let j = 663 + -641. What is the greatest common factor of v and j?
11
Let p(c) = 96*c**2 + 99*c + 59. Let t be p(-7). What is the highest common divisor of 20 and t?
10
Let w = -4634 - -6300. Calculate the greatest common divisor of w and 68.
34
Let m(d) = -2*d**3 - 7*d**2 + 5. Let v be m(-6). Suppose 